2 - (8 + -9 - 6).
2
What is the value of (6 - (21 + -13) - 3) + 16?
11
-3 - (-16 - (-3 + 3 - -9))
22
Calculate -7 + 30 - 28 - 7.
-12
Evaluate 37 + -43 - (0 + -3 - -2 - -1).
-6
Evaluate 8 + 1 + (7 - -1) + -6.
11
Evaluate -23 + (1 - -21 - -18).
17
-2 + -18 + 2 + (-58 - -24) + 28
-24
What is the value of -2 + 9 + -9 + 14?
12
8 + (-8 - (10 + -6))
-4
What is -1 + -25 - (-116 - -79)?
11
-12 + -2 - -18 - 16 - 25
-37
(18 - (37 + -37 + 14)) + (1 - -4)
9
What is the value of 4 + 3 + (-13 - (-7 + 11))?
-10
What is the value of -50 + (11 + 15 - 12 - 5)?
-41
Evaluate -12 + (-8 - -4) - (162 + -177).
-1
What is -4 + 7 + -2 - 11 - 11?
-21
38 + 49 + -24 + -58
5
-15 - (22 - 39) - (-25 + -2 - -1)
28
What is 48 + -1 + -25 - 36?
-14
Calculate 6 + (12 + -16 - -11).
13
Calculate (-52 + 54 - (8 + -1 + 0)) + 5.
0
-20 - (6 + -3 - 10)
-13
-9 - (-1 + (7 - 21)) - -3
9
What is the value of -16 + (-23 - -13) + (1 - 2)?
-27
What is the value of -28 + -19 + 11 + (-7 - -11)?
-32
What is the value of (22 - (29 - 2)) + (-3 - -6 - 22)?
-24
What is the value of (2 - (4 - 3)) + 63 + -67 - -2?
-1
What is the value of 25 + 5 + -10 - 8?
12
Evaluate 14 + -5 - (-1 + 0).
10
What is the value of 20 + -23 - (-5 - -3)?
-1
What is -9 + (23 - 29 - (-28 + 3))?
10
Evaluate -13 - -19 - (10 - 1).
-3
What is (208 - 206) + (-2 - (2 + 4))?
-6
Calculate 25 + -20 - -21 - 52.
-26
Evaluate -16 + 0 + -396 + 392.
-20
Calculate -80 - -62 - (-1 - 28).
11
Calculate 2 + 13 + -18 - -25.
22
Evaluate 7 + (24 - 0) + -28 + (8 - 1).
10
-3 + 32 - (19 + 9)
1
What is the value of -7 + (-6 - (-9 + 4))?
-8
(71 + -28 - 37) + (1 - 16) + -1
-10
What is the value of (-2 - (5 - ((6 - 3) + 6))) + 0?
2
What is 6 + (-19 - (6 - 3)) - -4?
-12
5 + -15 + 7 + 2
-1
Evaluate (16 - (14 - -21)) + 27.
8
Calculate -1 - 6 - (-248 + 237).
4
What is the value of -8 - (12 + -19) - (-4 + 3)?
0
Evaluate (30 - (-19 + 58)) + 14.
5
What is -33 - (4 + -6 + 45 + -44)?
-32
-3175 - -3104 - (1 + -48)
-24
-17 + 2 - (15 - (51 + -15))
6
Calculate (-17 + 22 - 3) + 8.
10
Evaluate 1 + -3 + (-1 - 0) + 18.
15
What is the value of -1 - ((-79 - -40) + 65)?
-27
Evaluate (-3 - -6) + -5 - (0 + -10 - -17).
-9
(-123 - -106) + 0 + 55 - 7
31
(12 - 18) + -11 + 3 + 0 - -3
-11
Evaluate 3 + (7 + (7 - 8) + -4 - 1).
4
-12 - 2 - (15 + -38)
9
What is the value of (-4 - 7 - -26 - 11) + (-20 - 1)?
-17
(-4 - (-5 + -2)) + (-3 - -15)
15
Evaluate 10 + -1 + -7 + 5 + 4.
11
What is the value of -12 + -16 + 18 + (-3 - 1)?
-14
1 + (7 - 4 - (-7 + 1))
10
12 - 1 - (-214 + 209)
16
What is the value of -20 + 2 + (-132 - -154)?
4
Evaluate (0 - 1) + -9 - (60 - (-88 + 185)).
27
What is (-19 - (-5 - -3)) + (-1 - -6)?
-12
-11 - (-19 - (10 + -11 - 11))
-4
-7 + (13 + -3 + 2 - 2)
3
Evaluate (15 - (1 - 2) - 9) + -6.
1
Calculate -12 + 1 - (29 - 39).
-1
-2 - (12 - (7 - 4 - 0))
-11
What is (31 - 2) + (-107 - -89)?
11
What is 11 + (-28 - (-18 + 5)) - 10?
-14
What is 21 - (20 + -10 + (2 - 14))?
23
What is -23 - -33 - (20 + (-11 - (2 - 8)))?
-5
215 + -193 + 0 + 2 + -11 + 3
16
Evaluate 13 + (-10 - -10 - 8).
5
What is the value of -10 + 2 + 39 + (0 - 14) + 6?
23
Evaluate (-4 + (-10 - -10) - -13) + -12 + -2.
-5
Evaluate 19 + (41 - (35 - -47)).
-22
Calculate -1 + 36 - (20 - 12).
27
What is (-5 + (-4 - (-8 - -1)) - 2) + 9?
5
Calculate 2 + -16 + 8 - (-1 - (4 - -2)).
1
What is the value of (-2 - -2) + (12 - 19 - (-10 + 2))?
1
Evaluate (14 - 13) + -17 + -1 - (19 + -11).
-25
11 - (28 + -1 - 1)
-15
Calculate 4 + (-24 - -13) + 17.
10
Evaluate -2 + (-23 - (-59 + 15)).
19
What is -1 + (7 - ((-7 - -2) + 3) - 2)?
6
Calculate -67 - -41 - (-14 - 3).
-9
Evaluate (14 - 2) + -2 + -16 + (18 - -14).
26
What is the value of 9 - (6 - -17 - 9)?
-5
-11 - (3 - 0) - (56 - 57)
-13
Calculate -30 + -10 + 46 + -15.
-9
2 - -2 - (15 + -16) - (9 - 3)
-1
What is 2 - (0 - -3 - (-1 + 0 - 1))?
-3
(0 - (11 + -20)) + -2
7
Evaluate -255 + 278 + (-9 - (-1 - 0)).
15
16 + -1 - (-5 - (3 + -15))
8
16 - 1 - (6 - 0)
9
-26 + (7 + (5 - (2 - -12)) - 1)
-29
-33 + 9 + (29 - 18)
-13
What is -9 - (1 + -12) - 8?
-6
What is the value of -14 + 34 + -63 - -24?
-19
What is the value of 13 + 11 + -10 + -20?
-6
Calculate 29 - 25 - -22 - 15.
11
Calculate 17 + -5 + (0 + 4 - (3 - -3)).
10
What is -14 - (-2 - 8) - (6 + -3 - 8)?
1
What is 17 + -11 + -16 - (0 - 16)?
6
Evaluate (-8 - -5) + (13 - 21).
-11
What is the value of (0 + -13 - -10) + (7 - (15 - 6))?
-5
-42 + 0 - ((1 - -19) + -34)
-28
What is the value of 23 - (19 + -3 + -10)?
17
Evaluate -1 + (11 - 2) - (483 - 495).
20
What is 2 - (-8 - (-39 + 12 - -10)) - -1?
-6
What is the value of 2 - (-15 + 19 + 3)?
-5
What is the value of -5 + 6 + -3 + 3?
1
What is the value of -2 - -10 - (5 + (10 - (-16 + 10)))?
-13
Evaluate -46 + 60 + 1 - 5.
10
Calculate 37 + -22 + -22 + (-1 - (4 - 2)).
-10
What is 22 - (-31 + 44) - (4 - 7)?
12
Calculate (8 - -4 - 1) + 111 + -135.
-13
Evaluate 9 - (56 + (10 - 34)).
-23
21 + -52 + 26 - -31
26
What is the value of (-28 - -35 - -4) + 3 + -9?
5
What is the value of -3 + (1 + -1 - 5) - (0 + -1)?
-7
Calculate -5 - 13 - (-22 - 5).
9
-1 - 39 - (0 + (6 + -18 - -1))
-29
What is 1 + -3 - -12 - -4 - (34 - 29)?
9
Evaluate (7 + -5 - (11 - 1)) + -4.
-12
What is -18 + 35 + -10 - (0 + -1)?
8
What is 3 + (-17 - -7 - -9 - -8)?
10
What is the value of -4 - (-5 + (13 - -8 - 13))?
-7
-5 + 13 + 19 + -35
-8
What is 17 - ((26 - 13) + -6)?
10
Calculate -82 + 1 + 66 - (-1 + 3).
-17
Calculate 1 + (-5 - (-5 + 4)).
-3
What is the value of 23 + (173 - 165) + (-1 - 2)?
28
Calculate 23 + 0 + -12 - (-2 + 9).
4
-1 + -2 + 1 + -29 + 48 + -39
-22
Evaluate (3 - 7 - -18) + (10 - (9 - 0)).
15
Evaluate -37 + (15 - (1 + -18)) - (0 + 35).
-40
What is (4 - 20) + 25 - 26?
-17
Evaluate (7 - 11 - 7) + 5 - 6.
-12
Evaluate (13 - (47 + -27)) + 25.
18
Calculate -20 - (-5 - (-14 + 17)).
-12
8 - 8 - (-3 + 1 + 4 + 7)
-9
What is the value of -44 + 58 - (-13 - -31)?
-4
Calculate 1 + 1 - (14 - (20 + (-21 - -14))).
1
Calculate 26 + (17 - 11 - 1) + -19.
12
Calculate -3 + 18 + -48 + 40.
7
Calculate 1 - 2 - (2 + -4 + 10 + -1).
-8
Evaluate (3 - (-1 + 0)) + -4.
0
What is the value of 10 + (-19 - -11) + -16?
-14
What is the value of (11 - (26 - 31)) + 1?
17
24 - (24 - 10 - -25)
-15
What is -5 - (-6 - (-30 - -17))?
-12
17 + -11 + -5 + 11 + -8
4
-3 + (13 - -1 - (-8 - (11 + -11)))
19
What is 2 - (-11 - (11 + 1))?
25
What is the value of -10 + (-3 + 8 - 1) + 4?
-2
Evaluate 25 - (5 + -3 + 6 - (4 + -8)).
13
What is the value of -28 + (29 - 60 - -67)?
8
What is -3 + (-8 - -46 - 14)?
21
25 + (-4 - (-4 + 9))
16
Evaluate -7 + 47 + 0 + -78.
-38
Calculate (16 - (51 + -18) - 10) + -3.
-30
What is -4 + 2 + (-13 - -5) + (54 - 44)?
0
What is (14 - 0) + -50 + 61 + -26?
-1
(15 - -1 - 1) + 3 + (6 - 8)
16
Calculate 7 - (-3 + 1 - (41 + -31)).
19
59 + -28 - 35 - (-1 - 6)
3
What is the value of -12 - (16 - 35) - (-2 + 15 - 1)?
-5
Calculate (-3 - (3 - (-8 - -9))) + 0 + -2.
-7
What is -5 - -1 - (30 + -23)?
-11
(-76 + 67 - (-4 + -2)) + (-2 - 8)
-13
Evaluate -56 + -8 + 73 + (3 - (1 + -2)).
13
Evaluate (-3 - -5) + -5 - (-6 - (-3 - -13)).
13
2 + 6 + -1 - (-6 - -15)
-2
11 + (-1 - 0) + (-145 - -137)
2
(-10 - ((-4 - -6) + -22)) + -10
0
15 + (-7 - 0 - (-64 - -54)) + -2
16
Evaluate 12 + 28 + -28 + 10 + 2.
24
-15 + 0 - (-458 - -441)
2
Calculate 4 + 3 + -6 + -3 + 8.
6
-2 + -2 - (8 + (-11 - (22 + -16)))
5
What is the value of -1 + 3 + -9 + -10 + 27?
10
What is (14 - 30) + 17 - -1 - -7?
9
Evaluate 2 - (-7 - -10 - -1).
-2
Calculate -3 + (66 + -79 - (2 + 1)).
-19
Calculate (0 - 8 - -3) + 14 + 1.
10
What is the value of (-2 - -4) + 2 + -30 + 14?
-12
(-14 - (8 + -32)) + -5
5
What is the value of 0 - 3 - (-7 + (6 + 3 - 9))?
4
Evaluate -4 + 11 - (-10 + 17).
0
Evaluate (0 - 11) + (9 - (-17 + -2)).
17
-4 + 12 + (-1 - (-1 - 3))
11
What is the value of (2 - -16) + -4 + (-17 - -4)?
1
Calculate (-82 - -78) + -1 + 0 + -1 + 8.
2
Calculate -2 + 5 - (9 - (32 + -12)).
14
What is the value of (11 - (0 + 1)) + 9 + -67 + 43?
-5
Evaluate 44 + 36 + -98 + (2 - -1).
-15
27 - (10 + 22) - (2 + 11)
-18
What is -9 + 3 - -2 - 0 - -10?
6
What is 54 + -54 - (4 + -9)?
5
Calculate 6 - (-4 + (-1 + 6 - 8)).
13
What is 6 - (-5 + 1 - -8 - -9)?
-7
Calculate 0 - (-6 + 11 - 8) - 8.
-5
Evaluate (1 - (0 - -10)) + 3 - (20 + -46).
20
-39 + 19 + 13 + -16
-23
What is 19 + -15 + -29 + 9?
-16
7 - -3 - (2 + -8 + 10) - 34
-28
Calculate (1